when s is divided by 30?
1
Suppose 0 = w - 2*w + 105. Let d(z) = -2*z**2 - 14*z + 14. Let i be d(-8). What is the remainder when w is divided by (54/(-10))/(i + 54/30)?
24
Suppose -2*v - 131 = -5*d, 6*d - 62 = 4*d - 4*v. Suppose d*g - 1125 = 1062. Calculate the remainder when g is divided by 28.
25
Let g(x) = -x**3 - x**2 - 3. Let q be g(-2). What is the remainder when 25 is divided by q/(-4*(-3)/168)?
11
Let r be (-4 - (-26)/4)*16. Let y be ((-714)/(-35))/(6/r). Suppose y = i + i. What is the remainder when i is divided by 23?
22
Let m(f) = f + 136. Calculate the remainder when 129 is divided by m(-7).
0
Suppose 2*n = -2*m + 50, 2*n + 3 = m - 7. Let c = 53 - m. Suppose -c*k - 52 = -35*k. Calculate the remainder when k is divided by 9.
8
Calculate the remainder when (-4 - -590)/((-35)/(-21) - 1/(-3)) is divided by 37.
34
Let a = -5515 + 5677. Calculate the remainder when a is divided by 19.
10
Let q(d) = 325*d + 1718. Calculate the remainder when 131 is divided by q(-5).
38
Let o(t) = -7*t**3 + 5*t - 19. Calculate the remainder when o(-5) is divided by 209.
204
Let r(l) = -7*l**2 + 3*l**2 + 9*l - 5 + 3*l**2. What is the remainder when ((-8)/(-112) - 387/28)*-4 is divided by r(5)?
10
Let w = 15143 - 15033. Suppose 2*k - 5*a + 4 = 104, 0 = 4*a + 16. Calculate the remainder when w is divided by k.
30
Suppose -3*u + 5 = 4*z, -2*z + 6 = -2*u - 0*u. Suppose -8*r = -3*b - 7*r + 68, -z*r = 4. Calculate the remainder when 54 is divided by b.
10
Let c(y) be the second derivative of 11*y**3 + 3/2*y**2 + 0 - 16*y. Calculate the remainder when c(1) is divided by 14.
13
Let s(a) = a**2 + a - 17. Let g(f) = -f**2 + 4*f + 6. Let w be g(6). Let n be 15/w*-2 + 0. What is the remainder when 77 is divided by s(n)?
12
Suppose 131 + 145 = q + 2*h, -4*h = -4*q + 1032. What is the remainder when 2374 is divided by q?
262
Let x(q) = -3*q + 13*q + 5*q + 9*q + 3*q + 97. What is the remainder when 764 is divided by x(-3)?
12
Suppose 5*c + 46 = n, 0 = -2*n + 81*c - 80*c + 56. Calculate the remainder when n is divided by 28/2 - 1/(-1).
11
Let c(y) = -y**3 - 8*y**2 - 4*y - 19. Let z be c(-6). Let v = z - -69. What is the remainder when 153 is divided by ((v - 2)/2 - 78)/(-2)?
36
Let v(y) = 57*y**3 - 9*y**2 + 3*y + 4. Let f(x) = -29*x**3 + 4*x**2 - x - 2. Let k(p) = 5*f(p) + 2*v(p). Calculate the remainder when 58 is divided by k(-1).
28
Suppose 5*p - 3*r - 4 = 0, 3*r - 14 = -4*p - 0*p. Let i(q) = 14*q - 7. Calculate the remainder when 137 is divided by i(p).
11
Let q be (-10)/(-3)*(16/5 + -2). Let s be (q/(-1))/(12/(-51)). Let j = s - -8. Calculate the remainder when j is divided by 9.
7
Let x(u) = -5*u - 380. What is the remainder when 103 is divided by x(-81)?
3
Let p(o) = 145*o - 77. What is the remainder when 424 is divided by p(1)?
16
Suppose -183*d + 162*d = -9492. What is the remainder when d is divided by 79?
57
Suppose 4059*n - 4070*n = -19195. What is the remainder when n is divided by 53?
49
Let j(n) = -n**2 + 6*n - 4. Let g be j(3). Suppose 426 = -q - g*q. Let z = q + 88. What is the remainder when 81 is divided by z?
13
Suppose -594 + 1593 = 2*h + c, 2*h + 2*c - 1004 = 0. Calculate the remainder when h is divided by 139.
80
Let j(o) = o**3 + 18*o**2 - 31*o + 279. What is the remainder when j(12) is divided by 264?
3
Let z(s) be the first derivative of 5*s**2/2 + 97*s - 21. What is the remainder when 27 is divided by z(-18)?
6
Let r = 216 + -222. Let c(q) = 19*q + 122. Calculate the remainder when 20 is divided by c(r).
4
Suppose 14*w - 103 - 1101 = 0. Let n = 113 - w. What is the remainder when 107 is divided by n?
26
What is the remainder when (-18)/30*(6 - (2 - 1)) + 3001 is divided by 11?
6
Suppose 3 = i, -4*i + 20 + 0 = 4*g. Suppose -7*w = -8*w + g. What is the remainder when (-9)/(-4)*(-40)/(-30) is divided by w?
1
Let f(r) = 7*r**2 - 106*r + 51. Let y be f(15). Suppose 3*w = -w + 328. Let i = w - y. What is the remainder when 273 is divided by i?
43
Let f = -233 - -241. Suppose w = 5*c - 387, f*c - 7*c - 81 = -w. What is the remainder when c is divided by 24?
6
Let p(u) = u**2 - 8*u + 72. Let k be -8 + (-9 - 0) + 17. What is the remainder when 270 is divided by p(k)?
54
Suppose -10269 = -400*f + 337*f. Calculate the remainder when f is divided by 28.
23
Let a(r) = -58*r + 404. Let m be a(6). Let f = 82 - m. What is the remainder when 128 is divided by f?
24
Let g be (0/1)/(9 + -8 + -3). What is the remainder when 19 is divided by 13 - ((4 - 2) + g)?
8
What is the remainder when 5773 is divided by 6325/230*12/6?
53
Let x(z) = z**2 - 215*z + 11482. Calculate the remainder when x(93) is divided by 19.
3
Let u = -124 + 125. Calculate the remainder when 57 is divided by (0 + 15)/((-7)/(-4) - u).
17
Let v(k) = 7*k - 46. Let t(i) = -i. Let g(u) = -4*t(u) - v(u). Calculate the remainder when g(5) is divided by 13.
5
Let p = 16 + -36. Suppose -24*d + 192 = -69*d - 438. Calculate the remainder when (d - -2)/(15/p) is divided by 12.
4
Suppose 226 = 3*f - 98. Suppose 3*l - 6*m = -8*m + 27, 0 = -5*m + 15. Suppose l*h - f = h. What is the remainder when 31 is divided by h?
13
Let c = -1221 - -1991. Suppose -19*u - c = -29*u. Calculate the remainder when u is divided by 59.
18
Let b be 88/2*(2 - -2 - -2). Let l = b + -227. What is the remainder when 332 is divided by l?
36
Suppose -2*t = -3*n - 100 - 32, 3*t = n + 205. What is the remainder when t is divided by 66?
3
Let f(t) = -30 + 21 - 16*t + 189*t. Let p be f(6). Suppose 4*q = -2*u - 2*u + 836, -3*q = -5*u + p. What is the remainder when u is divided by 26?
25
Suppose -29*o = -1244 - 1859. What is the remainder when o is divided by 52?
3
Let l(r) = r**2 + 12*r + 7. Let n be l(-11). Let t be (-6508)/(-36) - n/18. Let p = 305 - t. What is the remainder when p is divided by 21?
19
Let m = -128 + 218. Let t(i) = 2*i**3 + 16*i**2 - 6*i - 25. Suppose -3*y - 46 = 5*d, -3*y + 24 = -2*d - 7*y. Calculate the remainder when m is divided by t(d).
21
Let q = -501 + 519. Let w(x) = x**3 + 11*x**2 - 13*x + 6. Let l be w(-12). Suppose l = j - 13. Calculate the remainder when j is divided by q.
13
Let x(i) = i**3 + 3*i - 4. Let a be x(0). Let w be a/20*-5 + -27. Calculate the remainder when 748/(-6)*39/w is divided by 38.
35
Calculate the remainder when 2611 is divided by 1738/26 - ((-2)/(-10) + 368/(-1040)).
65
Let c(d) = -2*d**3 + 15*d**2 - 3*d + 3. Suppose 3*q - 1 - 14 = 0. What is the remainder when c(q) is divided by 41?
31
Let v be (-3 + 1)/((-22)/44). Suppose -16 = -v*t - 4*z, 4*z - 16 = -5*t + 9. Calculate the remainder when 22 is divided by t.
4
Let n(g) = 7*g**3 - 6*g**2 + 46*g - 81. What is the remainder when n(5) is divided by 82?
54
Suppose 64*n + 52368 = 88*n. What is the remainder when n is divided by 39?
37
Calculate the remainder when 40/15*(-1 - (-287)/2) is divided by 64.
60
Suppose -5*b - 2*q - q = -347, -3*q = -12. Suppose -b + 923 = 4*z. What is the remainder when z is divided by 36?
34
Suppose 5*t - 2*w + 3*w = -20, 0 = -3*w - 15. Let y be (-4 - (-2 - 2))/t. Suppose -18*x + 17*x + 45 = y. Calculate the remainder when x is divided by 16.
13
Suppose 2*i = -81 - 63. What is the remainder when 176 is divided by i/(-14) - (-12)/(-84)?
1
Suppose 4*s + 25*s = -14*s. Suppose 7*o - 2*o - 2405 = 0. Suppose o = 3*r + 2*w, s*w = -5*r - 4*w + 803. Calculate the remainder when r is divided by 32.
31
Suppose 43*p = -1409 + 9622. Calculate the remainder when 378 is divided by p.
187
Calculate the remainder when 1333 is divided by (9/3)/(12100/(-640) - -19).
21
Let d = -31093 + 31232. What is the remainder when 739 is divided by d?
44
Suppose -3 = -3*a, 0*a = -3*w - a + 10. Calculate the remainder when 10 - 10 - w*-16 is divided by 70*(-7)/(140/(-8)).
20
Suppose -l + 4*t = 1 - 9, -5*t = -5. Calculate the remainder when 160 is divided by 291/9 + (-4)/l*-2.
28
Let n be (28/6)/(8/1440). Suppose -4*m + n = -3*r, -3*m + 4*r + 7 + 630 = 0. Suppose 3*p - 216 - m = 0. What is the remainder when p is divided by 48?
45
Suppose -6 = -3*q + 3*h, -2*q - h + 10 - 6 = 0. Suppose -1054 = -29*k - q*k. What is the remainder when k is divided by 21?
13
Let x(j) = 9*j**2 + 9*j + 2. Let z be 1/(2/20*5). What is the remainder when (104 - -7)*z/6 is divided by x(-2)?
17
Let d = 29 - 10. Calculate the remainder when (36/(-14) - 0)/((-16)/560) is